313213
In base 2, what is -1000011001111100 - 11011110?
-1000011101011010
In base 16, what is -93023 + -1f?
-93042
In base 9, what is 7783 + -14532?
-5638
In base 6, what is -51001114515 - 1?
-51001114520
In base 2, what is 100 - -1010100001110111110?
1010100001111000010
In base 5, what is -21 + 3123220112?
3123220041
In base 5, what is 2244122 - -22?
2244144
In base 16, what is 5 + 30f823?
30f828
In base 5, what is -3 + -14122241120?
-14122241123
In base 6, what is 14102121 + -352?
14101325
In base 12, what is -5 - 195b0b?
-195b14
In base 6, what is -315011324 + -4?
-315011332
In base 2, what is 10101101010010111111 + -11?
10101101010010111100
In base 8, what is 1 - 31140105?
-31140104
In base 7, what is 143 + -1364234?
-1364061
In base 2, what is -1000111111110 - 1100001110010011?
-1101010110010001
In base 8, what is -262 - -310631?
310347
In base 12, what is -616 - -218a5a?
218444
In base 10, what is -3 - -100776499?
100776496
In base 7, what is -6144510 + -33?
-6144543
In base 16, what is -7e - -beba?
be3c
In base 16, what is 180 + 82ac?
842c
In base 12, what is 42 - 2678218?
-2678196
In base 14, what is 3 - 75bb29?
-75bb26
In base 13, what is -3 - -1581190?
158118a
In base 16, what is -9dbf - -86?
-9d39
In base 12, what is -4424010 - -12?
-4423bba
In base 10, what is 15 + -3965914?
-3965899
In base 9, what is 402056 - -168?
402235
In base 2, what is 101 + -11111111000100110100?
-11111111000100101111
In base 13, what is 67280b6 - 5?
67280b1
In base 11, what is -16 + -26889968?
-26889983
In base 10, what is 4 + -39259566?
-39259562
In base 6, what is 10432023 + -13545?
10414034
In base 7, what is -11 - -2066035161?
2066035150
In base 6, what is 0 + 104453124?
104453124
In base 4, what is 12 - -231023123320?
231023123332
In base 9, what is 8733 + 4756?
14600
In base 3, what is 21122000201020 + -2010?
21122000122010
In base 8, what is 1 + 34701346?
34701347
In base 9, what is -62475 + -7474?
-71060
In base 8, what is 26053261 + 6?
26053267
In base 5, what is -2100013 + 324103?
-1220410
In base 8, what is 1122237 - -36?
1122275
In base 5, what is -204103431331 + -2?
-204103431333
In base 5, what is -13403341 + 23410?
-13324431
In base 14, what is 1 - 441710b?
-441710a
In base 2, what is -10110110100010 + 11000001011?
-10011110010111
In base 8, what is 3 - 1075120?
-1075115
In base 10, what is 1965688 + 260?
1965948
In base 2, what is -11111000011000010110110 - -10000?
-11111000011000010100110
In base 12, what is a - -1a1519?
1a1527
In base 2, what is 10111011110010011 - 11011110?
10111011010110101
In base 16, what is -6 + -2b375be?
-2b375c4
In base 8, what is -45 - -10500625?
10500560
In base 15, what is -38a0 - -52d?
-3372
In base 5, what is -4234 - 441122?
-1000411
In base 9, what is 127 - -73264?
73402
In base 8, what is 71622 - 70304?
1316
In base 11, what is -108720169 + -4?
-108720172
In base 4, what is -1313303 + 20132?
-1233111
In base 15, what is c + -2986b?
-2985e
In base 7, what is -6020 - -532262?
523242
In base 5, what is 11 + 21003320140?
21003320201
In base 14, what is 5 + 95488c3?
95488c8
In base 9, what is 304313 - 633?
303570
In base 6, what is -10231 - -1120233?
1110002
In base 12, what is 127b99b2 - 4?
127b99aa
In base 12, what is 67b56 - -231?
68187
In base 4, what is -2203322303203 - -3?
-2203322303200
In base 16, what is -1c9f2e0e + 1?
-1c9f2e0d
In base 7, what is -113500065 - 1?
-113500066
In base 15, what is -2 - -34369a?
343698
In base 11, what is -95 + -152123?
-152208
In base 4, what is -10301313232113 - 10?
-10301313232123
In base 13, what is 15 - -633745?
63375a
In base 4, what is 331 - 2112022011?
-2112021020
In base 14, what is -6a9174 - -1?
-6a9173
In base 4, what is 33012 + 31120123?
31213201
In base 2, what is -10101010 - -110101101100001011?
110101101001100001
In base 8, what is -15 + -261522461?
-261522476
In base 5, what is 1330130033 + -11?
1330130022
In base 5, what is -244433320 - 1334?
-244440204
In base 15, what is d33a5c - -2?
d33a5e
In base 13, what is -98431c + -4?
-984323
In base 3, what is -20201200221 - -101120?
-20201022101
In base 7, what is 1 + 1602622?
1602623
In base 7, what is -1154 + -56561?
-61045
In base 12, what is 1a768160 - 0?
1a768160
In base 9, what is 173 - -43738?
44022
In base 12, what is 2 + 374b82a5?
374b82a7
In base 6, what is -424 + -5223152?
-5224020
In base 13, what is -10915b9 - 1?
-10915ba
In base 8, what is -320534 + -132?
-320666
In base 8, what is -2160 + -22052?
-24232
In base 14, what is -b9 + 21a943?
21a868
In base 13, what is 128a7 - 101a?
1188a
In base 4, what is -23102 - -1301031?
1211323
In base 7, what is -2 - -21646054?
21646052
In base 3, what is 1220100 - 10001101020?
-2222110220
In base 15, what is -3040 - -b58?
-23d7
In base 15, what is -1c1 - 94bd?
-968e
In base 12, what is -126a4 - -282a?
-ba76
In base 10, what is -95 + 785522?
785427
In base 16, what is -b804 + -1d?
-b821
In base 11, what is -2 - 162838?
-16283a
In base 14, what is -2 - -66ba58?
66ba56
In base 4, what is 111 - 2213201010?
-2213200233
In base 15, what is 34 + -2b430?
-2b3eb
In base 6, what is -23032 - 350?
-23422
In base 5, what is 23401144212400 - -10?
23401144212410
In base 7, what is -432 + -2555263?
-2556025
In base 7, what is -61222625 + -126?
-61223054
In base 6, what is -2104022003 - 1?
-2104022004
In base 8, what is 215242 - -15?
215257
In base 16, what is 4 + -362d85?
-362d81
In base 6, what is -23 - 3251411032?
-3251411055
In base 2, what is -100 + 101000110010001101111000?
101000110010001101110100
In base 16, what is -26ac0e + -f?
-26ac1d
In base 14, what is 1a05ad5c8 - -4?
1a05ad5cc
In base 3, what is 2210222222021 + 22?
2210222222120
In base 2, what is -10101111100111010010010100 - 11?
-10101111100111010010010111
In base 8, what is 1421334 - 64?
1421250
In base 6, what is -1112005530 - 15?
-1112005545
In base 3, what is 11212021022120 - -2000?
11212021101120
In base 8, what is -12635251 - 45?
-12635316
In base 8, what is 240273 - -154?
240447
In base 14, what is 5 - -93340ca?
93340d1
In base 16, what is -1f277 + 6d?
-1f20a
In base 12, what is 435 + -93?
362
In base 15, what is 8e + -22c64d?
-22c5ae
In base 13, what is 762 - -6a9?
113b
In base 16, what is 95 + -119?
-84
In base 6, what is -200134125 - -1?
-200134124
In base 16, what is d91 - c86?
10b
In base 11, what is -a542 - a?
-a551
In base 16, what is -1 + 1b62b01?
1b62b00
In base 16, what is 1864 + 1061a?
11e7e
In base 13, what is 412663 - 1a2?
412491
In base 9, what is -25 - 17887210?
-17887235
In base 12, what is -33b - 6b36?
-7275
In base 13, what is 339750 + -20?
339730
In base 9, what is 230 - -2481602?
2481832
In base 11, what is 6 + -8a42207?
-8a42201
In base 13, what is 57229 + -13?
57216
In base 6, what is 5304205 + 20?
5304225
In base 10, what is 9 + 5626675?
5626684
In base 6, what is 14024 + 24231?
42255
In base 2, what is 1001100101100000011011 + -111100?
1001100101011111011111
In base 2, what is -110100 - -10011101111100110101101?
10011101111100101111001
In base 11, what is -4 - 106168a?
-1061693
In base 10, what is 0 - -781986?
781986
In base 4, what is -203 - 211013101?
-211013310
In base 11, what is 134a3409 - 7?
134a3402
In base 4, what is 11211112223100 - 3?
11211112223031
In base 16, what is 3 - -482a659?
482a65c
In base 5, what is -14212134 - -1341?
-14210243
In base 8, what is 132 + 451755?
452107
In base 16, what is -9 + 2c7a77?
2c7a6e
In base 3, what is 100 - -10012100012110?
10012100012210
In base 14, what is 26d445d + -5?
26d4458
In base 10, what is 2569 + -4992?
-2423
In base 12, what is 68 + 99726?
99792
In base 12, what is 6 + -113976a?
-1139764
In base 4, what is 221021012022 - 220?
221021011202
In base 13, what is 2cccc - 30?
2cc9c
In base 7, what is -236216 + -3241?
-242460
In base 11, what is -2 + 1111378?
1111376
In base 5, what is 2334324002 + -4?
2334323443
In base 12, what is 2a + -29a7a?
-29a50
In base 8, what is -3 + -72300076?
-72300101
In base 16, what is -7e2709 + 9?
-7e2700
In base 8, what is 344 + -702422?
-702056
In base 4, what is -22132331 + -132312?
-22331303
In base 4, what is -31100 - 22320?
-120020
In base 2, what is 11011000 + 1010101010110000101?
1010101011001011101
In base 13, what is -2 + 1711983c?
1711983a
In base 4, what is -203201 + -20010?
-223211
In base 